.
24
Suppose -5*r + 125 = -490. What is the highest common factor of 82 and r?
41
Let t be 124 + 9 - (3 - 2). What is the highest common divisor of 231 and t?
33
Let i be (-7)/(-4) - (-372)/16. Suppose -3*n = -2*n - 4*v + 3, 4*n + 2*v = 24. Calculate the greatest common factor of i and n.
5
Suppose -q + p = 7 + 7, -5*q + 4*p - 66 = 0. Let r(y) = y**2 + 8*y + 19. Let m be r(q). What is the greatest common factor of m and 312?
39
Suppose -4*n - 5 - 4 = -5*d, -3*n = 5*d - 37. What is the highest common divisor of n and 8?
4
Suppose -v + 127 = 4*t, 5*t = -0*t - v + 159. What is the highest common factor of 48 and t?
16
Let p be 1386/105 + 4*2/10. What is the greatest common divisor of p and 182?
14
Let p(t) be the third derivative of t**4/8 - 2*t**3/3 - t**2. Let k = -45 - -49. Let x be p(k). Calculate the highest common factor of x and 64.
8
Suppose -4*y - 2*d = -92, y - 3*d - 18 = -d. Let i be 6 - (-2 - (1 - 5)). Suppose -i*l + 4 = -2*l. Calculate the highest common factor of y and l.
2
Let b(g) = -19*g + 11. Let h be b(-1). Calculate the highest common divisor of 210 and h.
30
Let p(k) = -2*k**2 + 63*k - 184. Let a be p(28). Calculate the greatest common divisor of a and 156.
12
Suppose 0 = -4*l + 19 + 45. Calculate the highest common divisor of 400 and l.
16
Let w be 7 + 34 + (8 - 1). What is the greatest common factor of w and 360?
24
Suppose 0 = -3*z - 4*c + 3*c + 300, 0 = 2*c. What is the highest common factor of z and 1?
1
Let v = 1627 + -1137. Calculate the greatest common divisor of 2 and v.
2
Let g = -156 + 161. Suppose -5*f = 5*n - 85, -n + 3*n - 94 = -5*f. What is the greatest common factor of f and g?
5
Suppose -4*l - 6 = -l. Let d be l/(10/5 + -3). What is the highest common divisor of 2 and d?
2
Let v(f) = 3*f - 27. Let h be v(11). Suppose 3*b + 15 = h*b. Suppose -24 = -i - 5*k, b*i = 3*k - 8*k + 80. What is the greatest common factor of i and 7?
7
Let a(n) = -3*n**2 + 56*n - 19. Let q be a(18). What is the highest common divisor of q and 323?
17
Let i = -2195 + 2210. Calculate the highest common factor of 60 and i.
15
Let f(j) = j**2 + 4*j - 2. Let a be f(-5). Suppose n = -3*m + 49, 0*n - 77 = -5*m + a*n. Calculate the highest common divisor of 16 and m.
16
Let w(d) = -d + 13. Let z be w(9). Suppose 5*f = 9*f - 32. Suppose 0 = f*t - 3*t - 80. Calculate the greatest common factor of z and t.
4
Let a = 18 + -8. Let r(s) = -s**2 + 8*s - 3. Let d be r(7). Let x be 4940/45 + d/18. What is the greatest common divisor of a and x?
10
Let j be (26/4 - -1)/(12/(-64)). Let f = -24 - j. What is the greatest common divisor of f and 4?
4
Let i = 134 + -48. Let w be -1 + -1 + (i - 4). Let q be 16*(-6)/(-12)*(0 - -2). Calculate the highest common factor of q and w.
16
Suppose 3*n + 27*v - 22*v = 120, -n = 2*v - 41. What is the highest common factor of n and 259?
7
Let v(g) = g**3 + 7*g**2 + 3*g - 14. Let u be v(-6). Suppose 3*f = -3*i + 36, i - 5*f + u = -i. What is the greatest common divisor of 1 and i?
1
Suppose 0 = 2*m - 62 - 6. Calculate the greatest common divisor of 204 and m.
34
Let r(o) = 2*o**3 - 3*o**2 + 6*o + 4. Let h be r(3). Let b = -39 + h. Calculate the greatest common factor of 50 and b.
10
Suppose -480 = -5*v + 2*c + 2*c, 3*v - 305 = -c. What is the highest common factor of v and 260?
20
Let m(i) = 2*i - 6. Suppose q - 20 = -8. Let d be q/(-1 - 20/(-8)). Let z be m(d). What is the highest common factor of 40 and z?
10
Suppose -3680 = -51*d + 43*d. Calculate the greatest common divisor of d and 46.
46
Let y = -14 - -17. Let s = y - 8. Let n be (-874)/(-95) + 1/s. What is the greatest common factor of n and 27?
9
Suppose 7 - 24 = -2*y + s, 5*y + 4*s - 49 = 0. Suppose -z - y + 47 = 0. Suppose -3*m = -2*m - z. Calculate the highest common factor of m and 95.
19
Suppose 3226*y - 3236*y + 360 = 0. What is the highest common factor of y and 63?
9
Suppose 2*j = -4*t + 27 + 53, 3*j = -2*t + 104. What is the greatest common factor of 432 and j?
16
Let p be 80/1 - (12 + -5 + -5). Calculate the greatest common factor of p and 12.
6
Let b be (39 - 5)/((-5)/((-75)/10)). What is the greatest common factor of b and 51?
51
Let n be (-135)/(-10) + 2/4. Let s = 17 - n. Suppose 0 = 6*j - s*j - 87. What is the highest common divisor of j and 29?
29
Let u = -10 - -3. Let i be (-1)/(1 - (-8)/u). Suppose 2*n + 73 + 61 = 3*c, 3*c = n + 130. Calculate the greatest common factor of c and i.
7
Let m be ((-8)/12 + 0)/((-9)/1215). What is the highest common factor of 30 and m?
30
Let s(o) = o**3 + 9*o**2 + 6*o - 8. Suppose 0*z - 2*p + 48 = -5*z, -4*z = 5*p + 12. Let i be s(z). What is the highest common factor of 2 and i?
2
Suppose 3*l - 87 = -3. Let j be (-130)/26 - (-4 + 1) - -44. What is the highest common divisor of j and l?
14
Let i(q) = 34*q - 5. Let c be i(1). Suppose -5*g - 5*w = -125, -c = -5*w - 4. What is the greatest common divisor of g and 4?
4
Let p be 479*(-2)/(-6) + (-20)/30. Calculate the greatest common factor of p and 424.
53
Let d be 1*-25*(7 - 11). What is the greatest common divisor of 8 and d?
4
Let t be (72/5)/(2/10). Suppose -u - 225 = -226, -r - 5*u = -113. What is the highest common factor of t and r?
36
Suppose 19*r - 20*r = m - 73, 222 = 3*m + 2*r. What is the highest common divisor of m and 57?
19
Suppose 8*n = 3*n - a + 360, -3*n = 2*a - 209. Suppose -3*q = 2*v - n, q + 3*q + 116 = 4*v. Calculate the highest common factor of 16 and v.
16
Let q be 1 + (-2 + 1 - -3). Let i be (2 - (1 - 1))*1. Suppose -j + 3*m = -9, 4*j + 0*m + i*m = 8. What is the highest common factor of j and q?
3
Let d = 2093 - 1949. Calculate the greatest common divisor of 32 and d.
16
Suppose -5 = v - 7. Let x be (v - 44)*7/(-14). Let o be (x/(-9))/((-2)/12). Calculate the highest common divisor of o and 126.
14
Let w be 816 - (0 - 0)*(-17)/34. Calculate the highest common factor of 48 and w.
48
Let d = -1 - 1. Let z be 4/d - (-84 + -3). Calculate the greatest common factor of 34 and z.
17
Suppose 1754*s = 1765*s - 13728. Calculate the highest common divisor of 26 and s.
26
Suppose -225 = -13*c + 191. Suppose 0 = -5*g - 3*k + 1268, 3*g + 308 = 4*k + 1092. Calculate the highest common divisor of g and c.
32
Suppose -3*z + 3 + 8 = 5*c, 0 = -3*c - 4*z. What is the highest common divisor of c and 16?
4
Let i be ((-402)/4)/((-3)/4). Let l be 1/(5*86/428 + -1). Let r = l - i. Calculate the greatest common factor of 32 and r.
16
Let a be 422/7 - 4/14. Let w(d) = d + 1. Let f be w(5). Suppose f*u = u + a. What is the greatest common divisor of u and 12?
12
Let h(s) = 1 + 0*s + 2*s - s. Let p be h(-7). Let k(z) = -z**2 - 8*z. Let o be k(p). Calculate the highest common divisor of 96 and o.
12
Let o = -258 - -362. Let q = -321 - -329. What is the highest common factor of o and q?
8
Let q = 40 - -76. Suppose -4*o - q = -244. What is the highest common factor of 48 and o?
16
Let d = 10 - 9. Suppose d = l + 2. Let z be l + 0 + (52 - -6). Calculate the highest common divisor of 38 and z.
19
Let g be ((-60)/3)/((-4)/22). Let v(d) = 2*d**2 - 6*d + 2. Let o be v(4). Suppose -f - 5*k + 40 = 3*f, -k = f - o. What is the highest common factor of g and f?
10
Let j = -2 + 8. Suppose j*v - 11 - 1 = 0. Suppose v*l - 4*l + 36 = 0. What is the highest common factor of l and 54?
18
Let c = 6 - 20. Let x be (-258)/c + 12/21. Calculate the greatest common factor of x and 209.
19
Let d be (6 + -64)/(23 + -25). Calculate the highest common factor of 2929 and d.
29
Let z be 12/9*(-3)/(-2). Suppose -3 = -s - 1. Suppose s*w = -0*w + 10. What is the highest common factor of w and z?
1
Let c be (-10)/4*(-12)/10. Let i be -7 - -4 - 1*c. Let s(q) = -42*q - 10. Let y be s(i). What is the highest common factor of 22 and y?
22
Let b = -1803 + 3220. What is the highest common divisor of b and 13?
13
Let a = 7 - 53. Suppose 0 = 2*o + 2*q + 46, -116 = 5*o + 3*q + q. Let z = o - a. Calculate the highest common factor of 33 and z.
11
Let k(q) = -q**3 - 3*q**2 + 5*q + 17. Let s be k(-2). Calculate the highest common factor of 201 and s.
3
Let h be 718/6 - 65/(-195). Calculate the greatest common factor of 72 and h.
24
Suppose 4*g - 164 = -2*o, -3*g + 122 = 2*o - 0*o. Suppose -q - 22 = 2*i - 6*i, 2 = q. Let k be 8/i*(-21)/(-2). What is the greatest common divisor of g and k?
14
Suppose -5*m = -5*c + 